{"id":201,"date":"2019-10-09T12:46:49","date_gmt":"2019-10-09T12:46:49","guid":{"rendered":"http:\/\/lgbtiberatungsaar.de\/?page_id=201"},"modified":"2019-10-09T18:11:20","modified_gmt":"2019-10-09T18:11:20","slug":"homosexualitaet","status":"publish","type":"page","link":"https:\/\/lgbtiberatungsaar.de\/?page_id=201","title":{"rendered":"Homosexualit\u00e4t"},"content":{"rendered":"\t\t<div data-elementor-type=\"wp-page\" data-elementor-id=\"201\" class=\"elementor elementor-201\">\n\t\t\t\t\t\t<section class=\"elementor-section elementor-top-section elementor-element elementor-element-bd4072a elementor-section-boxed elementor-section-height-default elementor-section-height-default\" data-id=\"bd4072a\" data-element_type=\"section\" data-e-type=\"section\">\n\t\t\t\t\t\t<div class=\"elementor-container elementor-column-gap-default\">\n\t\t\t\t\t<div class=\"elementor-column elementor-col-100 elementor-top-column elementor-element elementor-element-3fc431f\" data-id=\"3fc431f\" data-element_type=\"column\" data-e-type=\"column\">\n\t\t\t<div class=\"elementor-widget-wrap elementor-element-populated\">\n\t\t\t\t\t\t<section class=\"elementor-section elementor-inner-section elementor-element elementor-element-2ec8a23 elementor-section-boxed elementor-section-height-default elementor-section-height-default\" data-id=\"2ec8a23\" data-element_type=\"section\" data-e-type=\"section\">\n\t\t\t\t\t\t<div class=\"elementor-container elementor-column-gap-default\">\n\t\t\t\t\t<div class=\"elementor-column elementor-col-66 elementor-inner-column elementor-element elementor-element-a730a0b\" data-id=\"a730a0b\" data-element_type=\"column\" data-e-type=\"column\">\n\t\t\t<div class=\"elementor-widget-wrap elementor-element-populated\">\n\t\t\t\t\t\t<div class=\"elementor-element elementor-element-7fc9e48 elementor-widget elementor-widget-text-editor\" data-id=\"7fc9e48\" data-element_type=\"widget\" data-e-type=\"widget\" data-widget_type=\"text-editor.default\">\n\t\t\t\t<div class=\"elementor-widget-container\">\n\t\t\t\t\t\t\t\t\t<p>Der Begriff Homosexualit\u00e4t ist eine Wortbildung aus dem 19. Jahrhundert, gepr\u00e4gt von dem Arzt und Psychiater Karl Maria Kertbeny aus griech. homo-: gleich, gleichartig und lat. sexus: das m\u00e4nnliche und das weibliche Geschlecht. Es besagt, dass sich ein Mensch sexuell und \/ oder gef\u00fchlsm\u00e4\u00dfig zu Personen des eigenen Geschlechts hingezogen f\u00fchlt. Homosexuelle M\u00e4nner werden auch als schwul (von schwul = dr\u00fcckend hei\u00df; in dieser Bedeutung seit dem 18. Jahrhundert schw\u00fcl als Parallelbildung zu &#8222;k\u00fchl&#8220; oder von &#8222;Schwulit\u00e4t&#8220; = Schwierigkeit, Bedr\u00e4ngnis, peinliche Lage), Frauen als lesbisch (nach der griechischen Insel Lesbos, Heimat der frauenliebenden Dichterin Sappho) bezeichnet. Urspr\u00fcnglich abwertend gebraucht, wurde die Bezeichnung &#8222;schwul&#8220; sp\u00e4ter im Rahmen der Emanzipationsbewegung von der Schwulenszene selbst, auch als politischer Kampfbegriff, \u00fcbernommen und damit die abwertende Bedeutung so weit zur\u00fcckgedr\u00e4ngt, dass sie heute sogar im Sprachgebrauch der Gesetzgebung auftaucht.<br \/>In der Jugendsprache findet sich das Wort schwul dagegen immer noch bzw. wieder als Schimpfwort, das als Synonym f\u00fcr langweilig, weichlich bzw. enervierend benutzt wird. Desweiteren findet die Bezeichnung Gays f\u00fcr Schwule rasche Verbreitung.<\/p><p>Quellen<br \/>Text: <a href=\"http:\/\/comingouthelp.de\/welcome\/\" target=\"_blank\" rel=\"noopener\">comingouthelp.de<br \/><\/a>Bild: <a href=\"https:\/\/pixabay.com\/de\/users\/janeb13-725943\/\" target=\"_blank\" rel=\"noopener\">Pixabay.com<\/a><\/p>\t\t\t\t\t\t\t\t<\/div>\n\t\t\t\t<\/div>\n\t\t\t\t\t<\/div>\n\t\t<\/div>\n\t\t\t\t<div class=\"elementor-column elementor-col-33 elementor-inner-column elementor-element elementor-element-86e3768\" data-id=\"86e3768\" data-element_type=\"column\" data-e-type=\"column\">\n\t\t\t<div class=\"elementor-widget-wrap elementor-element-populated\">\n\t\t\t\t\t\t<div class=\"elementor-element elementor-element-a9f3d2d elementor-hidden-tablet elementor-hidden-phone elementor-pagination-position-outside elementor-widget elementor-widget-image-carousel\" data-id=\"a9f3d2d\" data-element_type=\"widget\" data-e-type=\"widget\" data-settings=\"{&quot;slides_to_show&quot;:&quot;1&quot;,&quot;navigation&quot;:&quot;dots&quot;,&quot;autoplay_speed&quot;:10000,&quot;effect&quot;:&quot;fade&quot;,&quot;speed&quot;:1500,&quot;autoplay&quot;:&quot;yes&quot;,&quot;pause_on_hover&quot;:&quot;yes&quot;,&quot;pause_on_interaction&quot;:&quot;yes&quot;,&quot;infinite&quot;:&quot;yes&quot;}\" data-widget_type=\"image-carousel.default\">\n\t\t\t\t<div class=\"elementor-widget-container\">\n\t\t\t\t\t\t\t<div class=\"elementor-image-carousel-wrapper swiper\" role=\"region\" aria-roledescription=\"carousel\" aria-label=\"Bild Karussell\" dir=\"rtl\">\n\t\t\t<div class=\"elementor-image-carousel swiper-wrapper\" aria-live=\"off\">\n\t\t\t\t\t\t\t\t<div class=\"swiper-slide\" role=\"group\" aria-roledescription=\"slide\" aria-label=\"1 von 2\"><figure class=\"swiper-slide-inner\"><img decoding=\"async\" class=\"swiper-slide-image\" src=\"https:\/\/lgbtiberatungsaar.de\/wp-content\/uploads\/2019\/10\/lesbian-692x1024.jpg\" alt=\"lesbian\" \/><\/figure><\/div><div class=\"swiper-slide\" role=\"group\" aria-roledescription=\"slide\" aria-label=\"2 von 2\"><figure class=\"swiper-slide-inner\"><img decoding=\"async\" class=\"swiper-slide-image\" src=\"https:\/\/lgbtiberatungsaar.de\/wp-content\/uploads\/2019\/10\/gay-couple-1192249_1920-768x1024.jpg\" alt=\"gay-couple-1192249_1920\" \/><\/figure><\/div>\t\t\t<\/div>\n\t\t\t\t\t\t\t\n\t\t\t\t\t\t\t\t\t<div class=\"swiper-pagination\"><\/div>\n\t\t\t\t\t\t\t\t\t<\/div>\n\t\t\t\t\t\t<\/div>\n\t\t\t\t<\/div>\n\t\t\t\t\t<\/div>\n\t\t<\/div>\n\t\t\t\t\t<\/div>\n\t\t<\/section>\n\t\t\t\t\t<\/div>\n\t\t<\/div>\n\t\t\t\t\t<\/div>\n\t\t<\/section>\n\t\t\t\t<\/div>\n\t\t","protected":false},"excerpt":{"rendered":"<p>Der Begriff Homosexualit\u00e4t ist eine Wortbildung aus dem 19. Jahrhundert, gepr\u00e4gt von dem Arzt und Psychiater Karl Maria Kertbeny aus griech. homo-: gleich, gleichartig und lat. sexus: das m\u00e4nnliche und das weibliche Geschlecht. Es besagt, dass sich ein Mensch sexuell und \/ oder gef\u00fchlsm\u00e4\u00dfig zu Personen des eigenen Geschlechts hingezogen f\u00fchlt. Homosexuelle M\u00e4nner werden auch [&hellip;]<\/p>\n","protected":false},"author":1,"featured_media":0,"parent":0,"menu_order":0,"comment_status":"closed","ping_status":"closed","template":"","meta":{"footnotes":""},"class_list":["post-201","page","type-page","status-publish","hentry"],"_links":{"self":[{"href":"https:\/\/lgbtiberatungsaar.de\/index.php?rest_route=\/wp\/v2\/pages\/201","targetHints":{"allow":["GET"]}}],"collection":[{"href":"https:\/\/lgbtiberatungsaar.de\/index.php?rest_route=\/wp\/v2\/pages"}],"about":[{"href":"https:\/\/lgbtiberatungsaar.de\/index.php?rest_route=\/wp\/v2\/types\/page"}],"author":[{"embeddable":true,"href":"https:\/\/lgbtiberatungsaar.de\/index.php?rest_route=\/wp\/v2\/users\/1"}],"replies":[{"embeddable":true,"href":"https:\/\/lgbtiberatungsaar.de\/index.php?rest_route=%2Fwp%2Fv2%2Fcomments&post=201"}],"version-history":[{"count":5,"href":"https:\/\/lgbtiberatungsaar.de\/index.php?rest_route=\/wp\/v2\/pages\/201\/revisions"}],"predecessor-version":[{"id":231,"href":"https:\/\/lgbtiberatungsaar.de\/index.php?rest_route=\/wp\/v2\/pages\/201\/revisions\/231"}],"wp:attachment":[{"href":"https:\/\/lgbtiberatungsaar.de\/index.php?rest_route=%2Fwp%2Fv2%2Fmedia&parent=201"}],"curies":[{"name":"wp","href":"https:\/\/api.w.org\/{rel}","templated":true}]}}